?
True
Is 52440467 a multiple of 353?
False
Does 9 divide 9055431?
True
Is 226 a factor of 16141824?
True
Is 54156269 a multiple of 2?
False
Is 178449939 a multiple of 431?
False
Is 315 a factor of 22912470?
True
Is 8157961 a multiple of 49?
True
Is 4646 a factor of 205971118?
True
Does 690 divide 2769201840?
True
Is 1120841098 a multiple of 12?
False
Does 63 divide 164219285?
False
Is 79218 a multiple of 2?
True
Is 1780620676 a multiple of 1084?
True
Does 101 divide 285705694?
False
Is 462292509 a multiple of 4263?
True
Is 30 a factor of 5834415?
False
Is 1588 a factor of 335911228?
True
Does 140 divide 232612153?
False
Is 2869 a factor of 149572446?
True
Is 9 a factor of 4268650?
False
Is 84 a factor of 15232845?
False
Is 45729398 a multiple of 1651?
True
Does 36 divide 5186295396?
True
Is 32 a factor of 2436689?
False
Does 205 divide 2442165?
True
Is 44020065 even?
False
Is 221917575 a multiple of 5?
True
Does 979 divide 46962686?
False
Is 4 a factor of 34293921?
False
Is 984486174 a multiple of 13?
False
Does 61 divide 157075976?
True
Is 2 a factor of 42357602?
True
Does 4834 divide 609669132?
False
Is 56 a factor of 4032381?
False
Does 413 divide 2392217835?
True
Does 191 divide 489927988?
True
Does 414 divide 1337505477?
False
Does 47 divide 165134813?
False
Is 17 a factor of 1942089367?
True
Is 12 a factor of 608245536?
True
Is 551754252 a multiple of 28?
True
Does 4290 divide 3290516748?
False
Does 157 divide 43919224?
False
Is 2279 a factor of 918767455?
True
Is 33355155 a multiple of 52?
False
Does 27 divide 15883085?
False
Is 108342202 a multiple of 1450?
False
Does 4 divide 31368932?
True
Does 22 divide 125211948?
False
Is 9374 a factor of 421014586?
False
Is 2898089790 a multiple of 17?
True
Is 142 a factor of 110709467?
False
Does 508 divide 4936236?
True
Does 351 divide 356261139?
True
Is 133266153 a multiple of 541?
True
Does 34 divide 28465582?
True
Is 1159 a factor of 145846439?
False
Is 50053461 a multiple of 14?
False
Is 58128683 a multiple of 103?
False
Is 83 a factor of 129027906?
False
Does 72 divide 448708337?
False
Does 465 divide 481454490?
True
Is 29 a factor of 6918443?
True
Does 1362 divide 10246326?
True
Is 53895241 a multiple of 1145?
False
Is 194547314 a multiple of 26?
True
Is 111150600 a multiple of 440?
True
Does 18 divide 981736956?
True
Does 300 divide 1145910900?
True
Is 13 a factor of 3192049242?
False
Is 17 a factor of 2446362?
False
Does 48 divide 51542832?
True
Is 111 a factor of 433719402?
True
Is 12 a factor of 1216795?
False
Is 37536305 a multiple of 95?
True
Is 117 a factor of 59534865?
True
Is 12453987 a multiple of 1911?
True
Does 1616 divide 235108178?
False
Does 14 divide 289219448?
True
Does 3022 divide 398612660?
False
Does 43 divide 10176251?
True
Is 42359092 a multiple of 4045?
False
Is 426299706 a multiple of 189?
True
Is 41 a factor of 7308290?
False
Is 1155076925 a multiple of 295?
True
Is 90752048 a multiple of 43?
False
Does 12 divide 43412976?
True
Is 152 a factor of 17461912?
True
Is 88 a factor of 28502320?
True
Is 19 a factor of 400129322?
True
Is 110616786 a multiple of 12?
False
Is 3676577 a multiple of 2?
False
Is 68645065 a multiple of 3?
False
Is 1048 a factor of 407127040?
True
Is 8574423 a multiple of 869?
True
Is 73229359 a multiple of 23?
False
Is 12052831 a multiple of 829?
True
Is 896591019 a multiple of 177?
False
Is 91 a factor of 754313014?
True
Does 16 divide 17439696?
True
Is 18 a factor of 351099594?
True
Is 7 a factor of 159876971?
False
Is 3 a factor of 101571420?
True
Does 2429 divide 31666494?
False
Does 7 divide 959268191?
True
Is 8 a factor of 740850680?
True
Does 8698 divide 347763436?
True
Is 37106937 a multiple of 107?
False
Does 1319 divide 12915648?
True
Is 342295177 a multiple of 52?
False
Does 1240 divide 14467145?
False
Is 157 a factor of 29743807?
True
Does 53 divide 90681569?
True
Is 269 a factor of 88543041?
False
Does 52 divide 25952437?
False
Is 4 a factor of 124128564?
True
Is 1776 a factor of 316758480?
True
Is 14310432 a multiple of 6?
True
Is 45034628 a multiple of 12?
False
Does 101 divide 23474598?
False
Is 70361347 a multiple of 31?
False
Is 51 a factor of 133942284?
False
Is 70499672 a multiple of 1138?
False
Is 136640338 a multiple of 16?
False
Is 576 a factor of 51596552?
False
Is 1064472 a multiple of 12?
True
Does 264 divide 239116589?
False
Is 522839979 a multiple of 3836?
False
Is 12 a factor of 35551848?
True
Is 625705904 a multiple of 4086?
False
Is 8534638 a multiple of 7?
True
Does 21 divide 1874999?
False
Is 51093307 a multiple of 48?
False
Is 65 a factor of 917311727?
False
Is 12 a factor of 49638147?
False
Is 176 a factor of 199769328?
True
Is 192087954 a multiple of 448?
False
Is 405 a factor of 3290754?
False
Is 296 a factor of 33982638?
False
Does 171 divide 175758021?
False
Is 87733520 a multiple of 14?
True
Does 744 divide 187102230?
False
Is 280455175 a multiple of 3185?
True
Is 201411408 a multiple of 1616?
False
Is 144 a factor of 171286460?
False
Is 39 a factor of 969029837?
False
Is 140 a factor of 165373180?
True
Is 16169692 a multiple of 44?
True
Is 245227200 a multiple of 48?
True
Does 455 divide 84925750?
True
Is 4551008 a multiple of 22?
True
Does 1114 divide 622371669?
False
Is 49 a factor of 1463806?
False
Does 2723 divide 2431513232?
False
Is 3261 a factor of 247886727?
False
Does 729 divide 215069580?
True
Is 8 a factor of 123938965?
False
Does 4931 divide 1672082376?
True
Is 42 a factor of 7109676?
True
Is 5606770 a multiple of 170?
True
Is 295093 a multiple of 7?
False
Does 13 divide 1706730138?
False
Is 1092 a factor of 2192761116?
True
Does 1179 divide 166328604?
True
Is 47 a factor of 1491787708?
True
Is 126226568 a multiple of 50?
False
Is 231721182 a multiple of 22?
True
Is 389016760 a multiple of 22?
True
Is 6 a factor of 12996144?
True
Is 367968746 a multiple of 2601?
False
Is 1002066593 a multiple of 209?
True
Does 288 divide 95220072?
False
Is 61006770 a multiple of 1845?
True
Does 27 divide 2379861?
True
Is 25870059 a multiple of 87?
True
Does 262 divide 17760194?
True
Does 290 divide 25040340?
True
Is 13 a factor of 61450558?
True
Is 11 a factor of 26423228?
False
Is 9 a factor of 7577235?
True
Does 2248 divide 39207562?
False
Is 8099264 a multiple of 4?
True
Is 2626 a factor of 5983850643?
False
Does 162 divide 12239424?
True
Is 226 a factor of 27980834?
True
Is 1168 a factor of 132187232?
True
Does 52 divide 2785152448?
True
Is 88145120 a multiple of 560?
True
Is 14 a factor of 12718720?
True
Is 665 a factor of 1764352730?
True
Is 17 a factor of 6248279195?
True
Is 7 a factor of 71377950?
True
Does 52 divide 14466972?
True
Does 231 divide 4501497?
True
Does 13 divide 391402869?
True
Is 1882 a factor of 775863910?
True
Does 21 divide 295628155?
False
Is 223796160 a multiple of 357?
True
Is 326073855 a multiple of 85?
True
Does 1461 divide 518853849?
False
Does 1334 divide 113995636?
True
Is 3745 a factor of 1243684540?
True
Is 49 a factor of 134751747?
False
Is 487 a factor of 792862548?
False
Does 46 divide 1613387600?
False
Is 393 a factor of 102997440?
True
Is 271283545 a multiple of 16?
False
Does 15 divide 40283115?
True
Is 286 a factor of 877165758?
False
Does 7 divide 40993099?
True
Is 3347 a factor of 21919503?
True
Is 58465518 a multiple of 426?
True
Is 64436821 a multiple of 2140?
False
Is 2848020 a multiple of 352?
False
Is 866653108 a multiple of 1021?
False
Is 1459 a factor of 30386593?
True
Does 22 divide 120067347?
False
Is 20 a factor of 1323073620?
True
Is 1040629296 a multiple of 4272?
True
Is 24687432 a multiple of 56?
True
Does 20 divide 544900640?
True
Is 5862322 a multiple of 2?
True
Is 68 a factor of 12853872?
False
Does 14 divide 126944678?
True
Is 151757145 a multiple of 885?
True
Is 56773857 a multiple of 593?
False
Does 10 divide 34520934?
False
Is 631616460 a multiple of 267?
False
Does 1713 divide 77015777?
False
Does 26 divide 126138965?
False
Is 4295460 a multiple of 6?
True
Does 83 divide 111938780?
True
Is 6 a factor of 619270402?
False
Does 376 divide 117592046?
False
Is 32435373 a multiple of 2015?
False
Is 640 a factor of 2693120?
True
Is 256 a factor of 673184512?
True
Does 494 divide 54176790?
False
Does 3 divide 33850565?
False
Is 502 a factor of 820